476.
148
Calculate the highest common divisor of 220 and 40.
20
What is the greatest common divisor of 64659 and 21?
21
What is the highest common divisor of 269 and 63215?
269
Calculate the highest common factor of 798 and 2546.
38
Calculate the highest common divisor of 284 and 426.
142
What is the highest common divisor of 9 and 78?
3
Calculate the highest common divisor of 12 and 876.
12
What is the greatest common divisor of 1905 and 30?
15
Calculate the highest common divisor of 345 and 276.
69
What is the greatest common divisor of 324 and 228?
12
What is the greatest common divisor of 60 and 510?
30
What is the greatest common factor of 518 and 14?
14
Calculate the greatest common factor of 92 and 782.
46
Calculate the highest common factor of 1287 and 117.
117
Calculate the highest common factor of 728 and 1512.
56
Calculate the greatest common divisor of 36 and 3008.
4
Calculate the greatest common factor of 255 and 75.
15
Calculate the greatest common divisor of 266 and 2071.
19
What is the highest common factor of 1938 and 1482?
114
What is the greatest common divisor of 287 and 82?
41
Calculate the greatest common divisor of 17407 and 845.
169
What is the highest common factor of 49 and 1?
1
What is the highest common divisor of 1391 and 143?
13
What is the greatest common divisor of 7660 and 40?
20
Calculate the greatest common divisor of 16 and 176.
16
What is the highest common divisor of 176 and 3916?
44
Calculate the highest common factor of 6534 and 54.
54
What is the greatest common factor of 1370 and 10001?
137
Calculate the highest common divisor of 84 and 315.
21
What is the greatest common factor of 2448 and 2142?
306
Calculate the greatest common factor of 36 and 8.
4
Calculate the greatest common divisor of 7 and 8.
1
Calculate the highest common divisor of 1043 and 231.
7
What is the greatest common divisor of 6 and 1008?
6
What is the greatest common divisor of 28 and 329?
7
What is the highest common divisor of 28 and 44?
4
What is the greatest common factor of 261 and 8033?
29
What is the greatest common factor of 48 and 796?
4
What is the greatest common factor of 127 and 8?
1
Calculate the greatest common divisor of 104 and 260.
52
What is the greatest common factor of 915 and 1515?
15
Calculate the greatest common factor of 209 and 66.
11
What is the greatest common factor of 731 and 17?
17
What is the highest common divisor of 135 and 783?
27
Calculate the greatest common divisor of 275 and 100.
25
Calculate the highest common divisor of 84 and 84.
84
Calculate the highest common factor of 24 and 60.
12
Calculate the highest common factor of 14 and 133.
7
Calculate the greatest common divisor of 1005 and 7236.
201
What is the greatest common divisor of 192 and 1272?
24
What is the greatest common factor of 13026 and 26?
26
Calculate the highest common factor of 11 and 1034.
11
What is the greatest common divisor of 67 and 3149?
67
Calculate the highest common factor of 39 and 39.
39
Calculate the greatest common divisor of 1040 and 16.
16
What is the greatest common factor of 18 and 12420?
18
Calculate the highest common divisor of 4 and 404.
4
Calculate the greatest common divisor of 82 and 574.
82
Calculate the greatest common divisor of 42 and 1246.
14
What is the greatest common factor of 9 and 31743?
9
What is the greatest common divisor of 14 and 224?
14
Calculate the highest common divisor of 2016 and 63.
63
What is the greatest common factor of 1267 and 2896?
181
Calculate the greatest common divisor of 8 and 1304.
8
Calculate the highest common factor of 100 and 1650.
50
Calculate the highest common factor of 406 and 14.
14
What is the greatest common divisor of 21 and 224?
7
What is the highest common factor of 5589 and 46?
23
Calculate the greatest common divisor of 58247 and 106.
53
Calculate the highest common factor of 96 and 4848.
48
What is the greatest common divisor of 824 and 8?
8
What is the highest common divisor of 2232 and 2880?
72
What is the highest common divisor of 19128 and 24?
24
What is the greatest common divisor of 183 and 488?
61
Calculate the greatest common factor of 20 and 10460.
20
Calculate the highest common factor of 325 and 169.
13
What is the greatest common factor of 5 and 325?
5
What is the highest common divisor of 4 and 27?
1
What is the highest common factor of 156 and 132?
12
What is the greatest common factor of 284 and 4970?
142
Calculate the highest common divisor of 711 and 639.
9
Calculate the highest common factor of 151 and 604.
151
Calculate the greatest common factor of 285 and 60.
15
Calculate the greatest common divisor of 10 and 745.
5
Calculate the greatest common factor of 7685 and 1060.
265
What is the highest common factor of 5 and 35?
5
What is the highest common factor of 35178 and 55?
11
Calculate the highest common divisor of 1260 and 140.
140
What is the highest common factor of 7 and 621?
1
Calculate the greatest common divisor of 36 and 16.
4
What is the highest common factor of 4596 and 36?
12
What is the highest common divisor of 6 and 16?
2
Calculate the greatest common factor of 32 and 96.
32
What is the highest common divisor of 16 and 112?
16
Calculate the highest common divisor of 6288 and 48.
48
Calculate the greatest common factor of 3339 and 9.
9
What is the greatest common divisor of 153 and 170?
17
Calculate the greatest common divisor of 97 and 97.
97
Calculate the greatest common factor of 5872 and 16.
16
What is the highest common divisor of 54 and 60?
6
Calculate the greatest common divisor of 403 and 39.
13
Calculate the highest common divisor of 1656 and 456.
24
Calculate the greatest common divisor of 21097 and 73.
73
What is the highest common divisor of 11 and 51447?
11
What is the highest common divisor of 4 and 3748?
4
What is the greatest common factor of 75 and 405?
15
What is the greatest common factor of 1826 and 22?
22
What is the highest common divisor of 34 and 1037?
17
Calculate the highest common divisor of 32 and 3872.
32
Calculate the greatest common factor of 28 and 8.
4
What is the greatest common divisor of 252 and 276?
12
What is the highest common divisor of 2408 and 8?
8
What is the greatest common factor of 37128 and 102?
102
What is the greatest common factor of 20 and 4870?
10
What is the highest common factor of 9717 and 123?
123
What is the greatest common factor of 6 and 24?
6
Calculate the highest common factor of 192 and 1216.
64
What is the greatest common divisor of 3 and 2271?
3
What is the greatest common divisor of 296 and 104?
8
Calculate the greatest common factor of 1971 and 2701.
73
What is the highest common divisor of 10 and 230?
10
What is the highest common factor of 1 and 19?
1
What is the highest common factor of 10660 and 52?
52
Calculate the highest common divisor of 30 and 970.
10
What is the highest common factor of 410 and 20?
10
What is the highest common factor of 1972 and 928?
116
What is the highest common divisor of 41 and 123?
41
Calculate the greatest common divisor of 120 and 384.
24
What is the highest common factor of 286 and 26?
26
Calculate the greatest common divisor of 67 and 871.
67
Calculate the greatest common divisor of 1224 and 8.
8
Calculate the highest common factor of 33 and 6996.
33
Calculate the greatest common divisor of 132 and 66.
66
What is the highest common factor of 8656 and 16?
16
Calculate the highest common divisor of 24 and 726.
6
Calculate the greatest common factor of 4428 and 328.
164
Calculate the greatest common divisor of 1513 and 17.
17
What is the highest common divisor of 66 and 28479?
33
Calculate the greatest common factor of 3 and 3921.
3
What is the highest common divisor of 57 and 19?
19
Calculate the highest common factor of 72 and 84.
12
What is the greatest common factor of 28428 and 206?
206
Calculate the highest common divisor of 70 and 410.
10
Calculate the highest common factor of 4046 and 14.
14
Calculate the greatest common factor of 7790 and 50.
10
Calculate the greatest common divisor of 46 and 2.
2
What is the highest common factor of 11 and 704?
11
Calculate the highest common divisor of 408 and 24.
24
What is the highest common factor of 4342 and 52?
26
Calculate the highest common factor of 440 and 132.
44